y 93?
90
Let k = -47 - -51. Suppose 0*q = k*q - 8. Suppose -2 = -c + q. What is the remainder when 7 is divided by c?
3
Let q = 240 - 237. Suppose -a = 5*b - 115, q*a = 7*b - 2*b + 265. What is the remainder when a is divided by 15?
5
Suppose -5*w + 2*m + 4072 = 0, -4*w - 4*m + 7*m = -3252. What is the remainder when w is divided by 30?
6
Suppose -40*n = -25188 + 22508. What is the remainder when 308 is divided by n?
40
Suppose 276*b = 2296 + 1016. What is the remainder when 21 is divided by b?
9
What is the remainder when (-26)/(-2366)*-14 + (-8062)/(-13) is divided by 42?
32
Let f(d) = 4*d**2 - 8*d - 29. What is the remainder when 1799 is divided by f(6)?
57
Let o(i) = 2*i**2 - 22*i + 12. Let f be o(12). Suppose 5*k = -9 - f. Calculate the remainder when k*(-6 + 2 + 1) is divided by 15.
12
Suppose -3*f + 7*a + 37 = 12*a, 3*f - 2*a = 23. Suppose -2*r - 183 = -3*j - 6, 0 = -3*r. Calculate the remainder when j is divided by f.
5
Let p = 32826 + -32822. What is the remainder when 7582 is divided by p?
2
Let h = 141 + -138. Suppose 11*o - 12*o + 11 = -h*a, 36 = 4*o - 4*a. What is the remainder when 46 is divided by o?
6
Suppose -4*m = 3*m - 77. Let d(r) = r**2 - 6*r + 27. What is the remainder when d(m) is divided by ((-4)/(-6))/((-46)/(-1449))?
19
Let i(v) = -75*v - 901. Calculate the remainder when 435 is divided by i(-13).
65
Suppose 5*o = 84 + 31. Let a = 253 - 259. What is the remainder when o is divided by 2 + 92/12 + 4/a?
5
Let p be -22*(8/(-16) - 0). Let m(j) = j**3 - 11*j**2 + 8*j + 8. Let o(a) = 19*a + 1. Calculate the remainder when m(p) is divided by o(1).
16
Let y(n) = -2*n - 38. Let p(t) = -t + 1. Let h(a) = -p(a) - y(a). Calculate the remainder when 45 is divided by h(-4).
20
Let g(r) = -5*r**3 - 225*r**2 - 5*r - 106. Calculate the remainder when g(-45) is divided by 20.
19
Let c(b) = -b**3 - 10*b**2 + 12*b + 12. Calculate the remainder when 1*25 + -1 + -272 + 272 is divided by c(-11).
0
Let k(q) = 90*q**2 + 294*q + 2261. Calculate the remainder when k(-8) is divided by 63.
62
Let s be (-1108)/(-7) + (-6)/21. Suppose -5*p + 3*j + 582 - s = 0, 4*p - 336 = 4*j. What is the remainder when p is divided by 8 + 8*(-63)/(-36)?
20
Let l(p) = p**2 - 10*p + 48. Suppose -4*z + 28 - 5 = -3*o, 0 = -5*o - 5. What is the remainder when 89 is divided by l(z)?
20
Let p = 203 + -201. Suppose r + 27 = p*o + 2*r, -3*r + 9 = 0. What is the remainder when 22 is divided by o?
10
Let r be (3 - (8 + 0))*(-8 + 5). Suppose -4*s = 4*s - 520. What is the remainder when s is divided by (-4 - 39/r)*-5?
32
Let k = -21 - -18. What is the remainder when (56 - -7)/(k/(-9)) is divided by 38?
37
Let r = -2595 + 2665. What is the remainder when 2233 is divided by r?
63
Let y = -136 - -237. Suppose 1199 = 6*c + y. What is the remainder when c is divided by 23?
22
Suppose -12765 = -24*x + 25352 - 29. Calculate the remainder when x is divided by 196.
19
What is the remainder when -15*2/(-12)*42/5 is divided by (-3*2/(-21))/((-10)/(-700))?
1
Let g(d) = 7*d - 130. Let k be g(19). Suppose 2*x + 4*v = 76, -k*x - 16*v = -12*v - 116. Calculate the remainder when 77 is divided by x.
37
Let b = -17 + 19. Let w be 7/(7/b)*7. Suppose -w = -5*u + 26. Calculate the remainder when 37 is divided by u.
5
Let v(k) = k**3 - 3*k**2 - 2*k - 5. Let f be v(4). Let b be f/4 - 55/4. Calculate the remainder when (-340)/b - (-34)/(-221) is divided by 5.
1
Let y(s) = 6*s**2 - 10*s - 6. Suppose -35 = -5*d + 30. Let w = 32 - d. What is the remainder when y(5) is divided by w?
18
Let d = 9042 - 8775. Calculate the remainder when d is divided by (0 + 1)/(3/54).
15
Let h = 78 + -48. Let q = -25 + h. Let i(y) = 3*y + 6. Calculate the remainder when 165 is divided by i(q).
18
Let x(j) be the second derivative of -13*j**3/3 + 90*j**2 + 3*j + 3. Calculate the remainder when 70 is divided by x(6).
22
Suppose -3*s + 2*v = -9286, -2 + 26 = 6*v. Calculate the remainder when s is divided by 35.
18
Let d = -22 + 36. Suppose -26*m + 1431 = -1871. Let j = -103 + m. Calculate the remainder when j is divided by d.
10
Suppose 9*q - 2258 = 35 - 70. Calculate the remainder when q is divided by 232.
15
Suppose -13*s = -52 - 0. Suppose 4*z - 5*y - 33 - 395 = 0, -s*y = 0. What is the remainder when 1711 is divided by z?
106
Let q(a) = 1930*a - 556. Calculate the remainder when q(1) is divided by 77.
65
Let r(z) = 7*z**3 - 14*z**2 + 31*z - 12. Calculate the remainder when 1836 is divided by r(2).
36
Let h = 6 + 110. Calculate the remainder when h is divided by 4 - (-29 - (-5 + 12)).
36
Let m(z) = 2*z**2 - 65*z - 272. Calculate the remainder when 494 is divided by m(-4).
14
Let s = 14 - -4. Let r(u) = -u**3 + 5*u**2 + 6*u + 7. What is the remainder when r(6) is divided by ((-13)/(-39))/(1/s)?
1
Let h(f) = f**2 - f - 126. Let l(p) = -4*p**2 + 57*p - 29. Let c be l(14). Calculate the remainder when h(c) is divided by 13.
10
Let g(w) = w**3 - 111*w**2 - 111*w - 5. Calculate the remainder when g(112) is divided by ((-18)/(-4))/((-2)/(-12)).
26
Let a = 354 + -367. What is the remainder when 61*((1 - 0) + 0) is divided by -1 - (a - 0 - (6 - 2))?
13
Suppose l = -29 + 33. Calculate the remainder when 32 is divided by -3 + 4 + 8 + (-8)/l.
4
Calculate the remainder when 754 is divided by -8*(1/((-24)/46))/((-16)/(-48)).
18
What is the remainder when 168/252*(-549)/(-6) is divided by 26?
9
Suppose 12 = -3*u, -14*v + 2*u = -16*v + 194. Calculate the remainder when 278 is divided by v.
76
What is the remainder when 202 is divided by (22/(-6) + 1/(-3))*(-2268 - -2249)?
50
Let i(o) be the third derivative of -o**4/3 - 7*o**3/6 + 8*o**2. Let b be i(-2). Suppose q - 5 - b = 0. Calculate the remainder when 96 is divided by q.
12
Suppose -56*c = -16494 + 2158. Calculate the remainder when 70 is divided by ((-74)/3)/(10 + c/(-24)).
33
Let p(i) = 3*i**2 - 4*i. Let w = -13944 + 14058. Calculate the remainder when w is divided by p(-3).
36
Suppose -2808 = 378*x - 414*x. Calculate the remainder when 482 is divided by x.
14
Let i(x) = -x**2 + 19*x - 9. Suppose -4*f = 3*c - f - 78, 36 = c + 3*f. Calculate the remainder when i(5) is divided by c.
19
Suppose -56*h + 1346 + 950 = 0. What is the remainder when 625 is divided by h?
10
Let i = 33325 + -30617. What is the remainder when i is divided by 108?
8
Let j(w) = 6*w**3 + 6*w**2 - 2*w + 1. Let c(x) = x**3 + x**2 - x - 1. Let y(s) = 5*c(s) - j(s). What is the remainder when 37 is divided by y(-3)?
16
Suppose 1065 = z + i + 2*i, 5*i - 2135 = -2*z. Suppose 25*a - 5*a - z = 0. Calculate the remainder when a is divided by 4.
2
Suppose 10*j - 120 = 5*j - 5*a, -a - 20 = -j. Suppose -67*i + 54*i = -1261. Let h = i - 55. What is the remainder when h is divided by j?
20
Suppose 0 = 8*p - 22*p + 56. Calculate the remainder when p/7 + (-4626)/(-63) + -6 is divided by 20.
8
Let o(p) = -3*p**2 + 14*p + 33. Suppose 0 = -100*j + 91*j + 54. Calculate the remainder when 41 is divided by o(j).
5
Let u be 22/10 - 52/(-65). Let b(p) = -10 - u + p**3 + 4*p - 2*p + 12 - 7*p**2. What is the remainder when b(9) is divided by 13?
10
Let k = 190 - 187. Suppose 134 = 4*l - 3*x, 5*x - 100 = -k*l + 7*x. Calculate the remainder when 189 is divided by l.
29
Suppose -36*g + 679 = 413 - 922. What is the remainder when 3396 is divided by g?
30
Suppose 14*r = -14*r - r + 464. Suppose 6*d - 8 - 16 = 0. What is the remainder when r is divided by d?
0
Suppose -a + 1048 = 287. Suppose -8*u - 113 + a = 0. What is the remainder when u is divided by 9?
0
Let c(j) = 7*j + 17. Suppose 0 = -9*b - 3*b + 624. Let z = -49 + b. Calculate the remainder when c(z) is divided by 9.
2
Suppose 0 = 4*f - 3*z - 272 - 5, 2*z - 128 = -2*f. What is the remainder when f is divided by 14?
11
Let v be (2 - -4)*3/6. What is the remainder when -2*v*-2*51/9 is divided by 14?
12
Calculate the remainder when 19 + 198/(-18) - 72*-1 is divided by 13.
2
Let y(z) = -7*z + 7. Suppose 2*h = -5*a + 9*a + 1038, -h + 546 = -5*a. Calculate the remainder when h is divided by y(-7).
53
Suppose -37*k + 2 = -35*k. Suppose 2*x + x = 96. Calculate the remainder when x is divided by (k*-3)/(41/(-123)).
5
Let c = -3396 - -3412. Calculate the remainder when 4878 is divided by c.
14
Suppose 4*m - 6*m = -282. Calculate the remainder when m is divided by 348/8*(-146)/(-219).
25
Let b